he second derivative of -9*x**3/2 - x**2 + 12*x. What is the remainder when f(-3) is divided by 27?
25
Suppose 78*q - 752 - 373 = -345. Let p = 6 + -3. What is the remainder when q is divided by ((-4)/p)/((-2)/6)?
2
Let z(t) = -t**3 + 20*t**2 + 5*t - 9. Let a be z(10). What is the remainder when -1*(-4)/(-10) + a/15 is divided by 18?
15
Let p(n) = 5*n - 7. Let y be p(2). Suppose 25 = 5*t - y*v, t + 4*v + 24 = 3*t. Calculate the remainder when 8 is divided by t.
0
Calculate the remainder when 220/6*72/30 is divided by 25.
13
Let n(q) = 2*q**2 - 2*q - 29. Calculate the remainder when 125 is divided by n(6).
1
Suppose 5*d - 12 = 3. Suppose -4*i = -5*k + 12, -i + 1 + 1 = 0. Suppose 2*h + k*q = -q + 26, d*h - 32 = -4*q. What is the remainder when 39 is divided by h?
7
Suppose -977 = -33*m - 119. Calculate the remainder when 66 is divided by m.
14
Let s(m) = m**3 + 7*m**2 - 10*m + 6. Let k be s(-8). Suppose -4*d + k = -10. Calculate the remainder when d is divided by 4.
0
Suppose z = -0*z + 4. Suppose c - 4*w + 24 = 0, -z*c + w + 0*w = 21. Calculate the remainder when ((-42)/35)/(c/210) is divided by 13.
11
Let f = 81 - 152. Let c = f - -99. Calculate the remainder when (-2110)/(-20) + 1/(-2) + 4 is divided by c.
25
What is the remainder when (-4)/(-22) + (-124818)/(-781) is divided by 48?
16
Suppose 4*q - 177 = -5*w, 6 = -0*q + 2*q. Let n = 19 - 4. Let i = n + 3. Calculate the remainder when w is divided by i.
15
Suppose n = 4*z - 81 - 25, 5*z - 138 = 4*n. Calculate the remainder when 529 is divided by z.
9
Suppose 11*x + 906 = -227. Let i = -80 - x. What is the remainder when i is divided by 8?
7
Calculate the remainder when 44 is divided by (5/(10/(-3)))/(21/(-350)).
19
Suppose -228*n + 17 = -227*n. Calculate the remainder when n is divided by 13.
4
Suppose u = -u - 5*k - 42, -3*u + k - 29 = 0. Let j(z) = -2*z**2 - 27*z - 9. Calculate the remainder when j(u) is divided by 12.
10
Calculate the remainder when 440 is divided by (2 - 6*3/18) + 113.
98
Let i be -1*(5 - 4)*-11. Suppose 4*z - 56 = d, 0 = -z + 2*z - d - i. Calculate the remainder when z is divided by 8.
7
Let u = -10 - -5. Let m(t) = -t + 6. What is the remainder when m(u) is divided by 6?
5
Suppose -5*s + 96 + 79 = 0. Calculate the remainder when 113 is divided by s.
8
Suppose -108*v = -2661 + 501. What is the remainder when 1198 is divided by v?
18
Suppose 10 = -5*v + 3*v, 5*a - 4*v - 40 = 0. Suppose s = a*t + 40, -2*s - 3*t + 45 = s. What is the remainder when s is divided by 2/8*11*4?
9
Suppose -17*n = -2*a - 22*n + 44, -4*n = 5*a - 76. Calculate the remainder when 15 is divided by a.
3
Suppose -4*w - 2 + 26 = 0. Suppose -216 = -w*a - 54. Calculate the remainder when a is divided by 8.
3
Let d = 27 - 26. Calculate the remainder when 86 is divided by -5 + 5 - d*-32.
22
Let f(v) = 4*v**3 + v**2 - 2*v + 1. Let n be f(1). Suppose -n*o + 3 = -d - 24, -5*d + 5*o = 60. Let j = d + 15. What is the remainder when 39 is divided by j?
7
Let j(d) = -d**2 - 14*d - 41. Suppose -8 + 56 = -6*q. Calculate the remainder when 18 is divided by j(q).
4
Let y = -27 + 97. Suppose -10 = -4*d + y. Suppose 0 = -4*a + 2*k + 16 + d, 4*a = -4*k + 12. What is the remainder when 26 is divided by a?
5
Suppose -p = -i - 16, -2*p + 6*p - 69 = -i. Let m = -93 + 57. Calculate the remainder when p is divided by (0 + -1)/(6/m).
5
Suppose l - 44 = -4*i, -6*i + 46 = -3*i + 4*l. Let d(p) = 16*p**2 + 5 + 2*p - 4 + i*p**2 - 8*p**2. What is the remainder when d(-2) is divided by 18?
15
Let m = -6 - -8. Let v be 26/6 - (28/(-6) + 5). Suppose 2*d - 2*j - 22 = 32, 0 = -m*j + v. Calculate the remainder when 84 is divided by d.
26
Suppose 4*a + 48 = -0*a. Let c = -8 - a. Suppose -h - 3*h + c*p + 8 = 0, h = -p + 8. Calculate the remainder when h is divided by 4.
1
Let w be (11/1)/(2/(-12)). Let k = w + 74. What is the remainder when (-119)/(-9) - 8/36 is divided by k?
5
Suppose -37*j - 68*j = -2310. What is the remainder when 305 is divided by j?
19
Suppose -4*r = -3 - 9. Suppose r*g - 4*g + 4 = 0, -s - 2*g = -102. Let c = 169 - s. Calculate the remainder when c is divided by 19.
18
Suppose -4*w = w - 10. Suppose -5*y = -2*n - 9 + 44, -n + 4*y = -22. Suppose 0*s + 2*u = w*s - n, 37 = 5*s - 2*u. What is the remainder when 31 is divided by s?
4
Calculate the remainder when (-90)/21*392/(-21) is divided by 55.
25
Suppose -52*k = -43*k - 108. Calculate the remainder when k is divided by 4.
0
Calculate the remainder when 1 + 2 - -23 - 2 - -1 is divided by 9.
7
Calculate the remainder when (212/6)/((-58)/(-87)) is divided by 21.
11
Let d(g) = g**2 - 11*g - 7. Let a = 9 - -3. Let i be d(a). Suppose 0 = i*w - 2*w, -w = -k + 79. Calculate the remainder when k is divided by 20.
19
Let d(t) = -t + 2. Suppose 9 = -f + 3*g, -5*f - 2*g - 25 = -7*g. Let i be d(f). Suppose -43 - i = -3*m. What is the remainder when 46 is divided by m?
14
Let o(c) = -c**2 - 37*c - 126. What is the remainder when 407 is divided by o(-32)?
33
Let k = -120 + 182. Calculate the remainder when k is divided by 32.
30
Suppose -l - 25 = 3*x, 3*l - x + 108 = x. Let k = l - -28. Let v = 17 - k. What is the remainder when v is divided by 6?
5
Suppose -20*n = -4*n - 256. What is the remainder when 328 is divided by n?
8
Let h(s) = 5*s**2 - 1. Let q be h(-1). Suppose 0 = -j - q*j + 2*m + 218, 84 = 2*j - 4*m. What is the remainder when j is divided by 9*(1 + 0 + 0)?
8
Let a(f) = f**3 + 7*f**2 + 5*f - 1. Let r be a(-6). Suppose r*n = -110 - 65. What is the remainder when (-124)/(-5) + (-7)/n is divided by 13?
12
Let h be 8/12 + (-94)/6. Let v = h + 25. What is the remainder when v is divided by 6?
4
Suppose -4*y = -7 - 9. Let h(c) = 7*c - 10. Calculate the remainder when h(4) is divided by (8 + -10)/(y/(-10)).
3
Suppose 0 = 6*b - 57 + 27. What is the remainder when 49 is divided by b?
4
Let f = -40 + 27. Let d = 24 + f. Suppose -46*g = -56*g + 210. What is the remainder when g is divided by d?
10
Suppose 13 = -n - 8*j + 6*j, 4*n - 5*j + 65 = 0. Let c(h) = -2*h - 29. Calculate the remainder when 7 is divided by c(n).
0
Let l(n) = -n**3 + 4*n**2 + 2*n + 8. Let h be l(5). Let r = 20 + h. Suppose -2*j = -6*j + 152. What is the remainder when j is divided by r?
12
Suppose 3*d = 8*d + 10. Calculate the remainder when d + 37 + (-3 - 0) is divided by (-2)/6*1*-33.
10
Suppose 0 = o + 8 - 0. Let l be (4/o*0)/1. Suppose 2*q + 4 - 16 = l. What is the remainder when 11 is divided by q?
5
Suppose -8*x - 285 = -3*x. Let g = 143 + x. What is the remainder when g is divided by 29?
28
What is the remainder when (144/(-60))/(3 - (-46)/(-15)) is divided by 297/22 - (2/4 - 0)?
10
Let v = 128 - 80. Calculate the remainder when v is divided by (3/((-6)/28))/(-2).
6
Let p(s) = -s**2 - 1. Let k(l) = 5*l**2 - 10*l + 16. Let z(h) = k(h) + 6*p(h). Let j be z(-12). Calculate the remainder when 31 is divided by 0 - 1 - j - 2.
9
Suppose 2*p + 29 = 3*z, -4*z + 2*p + 35 = 3*p. Suppose 2*q - z = -3*o, -4 = -0*q - 2*q + 2*o. What is the remainder when 5 is divided by q?
2
Suppose 60 = -0*c + 4*c. Suppose 4*p = p - 5*h + 42, -2*p - 2*h = -24. What is the remainder when c is divided by p?
6
Suppose -152 = -22*s + 14*s. Let t(h) = -11*h**3 - 3*h - 2. Calculate the remainder when t(-2) is divided by s.
16
Let p(s) = -s**3 - 4*s**2 + 6. Suppose -4*b + 5*b + 18 = -4*w, -3*w - 5*b - 5 = 0. What is the remainder when p(w) is divided by 8?
7
Let w(d) = -3*d**3 + d**2 - 2*d - 3. Let m = -506 + 522. What is the remainder when w(-3) is divided by m?
13
Suppose -4*j + 352 = 5*k - k, -j + 5*k + 88 = 0. Suppose 4*m = -j + 16. Calculate the remainder when 41 is divided by ((-6)/m)/(1/33).
8
Let l = -295 + 409. What is the remainder when l is divided by 29?
27
Let x = 4 + 8. What is the remainder when 395/15 + -5 + 10/6 is divided by x?
11
Let j(t) = -2*t + 5 - 3 - 5 - 6. Let u = -12 + 17. What is the remainder when j(-9) is divided by u?
4
Let w(y) = 14*y**3. Let v be ((-1)/(-3)*3)/1. Calculate the remainder when w(v) is divided by (-4)/7*(-84)/6.
6
Let c be ((-2)/2)/2*-48. What is the remainder when (9/12)/(2/c) is divided by 4?
1
Calculate the remainder when (1/(-3))/((-4)/6108) is divided by 7.
5
Let a(p) = -6*p**3 - 2*p**2 + p + 2. Let t be a(-1). Suppose -q = -0*q - t*o - 22, q - o - 22 = 0. What is the remainder when q 